{"id":10,"date":"2025-07-14T13:22:48","date_gmt":"2025-07-14T13:22:48","guid":{"rendered":"https:\/\/dasaf.centre-odas.org\/?page_id=10"},"modified":"2025-11-14T18:49:50","modified_gmt":"2025-11-14T18:49:50","slug":"accueil","status":"publish","type":"page","link":"https:\/\/dasaf.centre-odas.org\/","title":{"rendered":"Accueil"},"content":{"rendered":"\n<div style=\"overflow: hidden; white-space: nowrap; background: #23440e; padding: 10px;\">\n  <div style=\"display: inline-block; padding-left: 100%; animation: scroll-left 60s linear infinite; font-size: 18px; color: #ffffff;\">\n    Merci \u00e0 toutes et \u00e0 tous pour la mobilisation collective pour la r\u00e9ussite de l&rsquo;\u00e9dition 2025 du Dasaf \u00e0 Conakry en Guin\u00e9e. Rendez-vous tr\u00e8s prochainement pour d&rsquo;autres mobilisations au sein du Mouvement ODAS et de l&rsquo;\u00e9cosyst\u00e8me des DSSR en Afrique francophone.\n  <\/div>\n<\/div>\n\n<style>\n@keyframes scroll-left {\n  0% {\n    transform: translateX(0%);\n  }\n  100% {\n    transform: translateX(-100%);\n  }\n}\n<\/style>\n\n\n\n<div style=\"height:10px\" aria-hidden=\"true\" class=\"wp-block-spacer\"><\/div>\n\n\n\n<figure class=\"wp-block-image is-resized gb-block-cta\"><img loading=\"lazy\" decoding=\"async\" width=\"1024\" height=\"576\" src=\"https:\/\/dasaf.centre-odas.org\/wp-content\/uploads\/2025\/10\/Bienvenue-au-Dasaf-2025-1024x576.jpeg\" alt=\"\" class=\"wp-image-201\" style=\"width:1178px;height:auto\" srcset=\"https:\/\/dasaf.centre-odas.org\/wp-content\/uploads\/2025\/10\/Bienvenue-au-Dasaf-2025-1024x576.jpeg 1024w, https:\/\/dasaf.centre-odas.org\/wp-content\/uploads\/2025\/10\/Bienvenue-au-Dasaf-2025-300x169.jpeg 300w, https:\/\/dasaf.centre-odas.org\/wp-content\/uploads\/2025\/10\/Bienvenue-au-Dasaf-2025-768x432.jpeg 768w, https:\/\/dasaf.centre-odas.org\/wp-content\/uploads\/2025\/10\/Bienvenue-au-Dasaf-2025-1536x864.jpeg 1536w, https:\/\/dasaf.centre-odas.org\/wp-content\/uploads\/2025\/10\/Bienvenue-au-Dasaf-2025-2048x1152.jpeg 2048w\" sizes=\"auto, (max-width: 1024px) 100vw, 1024px\" \/><\/figure>\n\n\n\n<p class=\"has-medium-font-size\"><strong>Un espace r\u00e9gional d\u2019engagement, de dialogue et d\u2019action en faveur des droits en sant\u00e9 sexuelle et reproductive (DSSR) en Afrique francophone.<\/strong><\/p>\n\n\n\n<p class=\"has-text-align-center has-medium-font-size\"><\/p>\n\n\n\n<p class=\"has-medium-font-size\">La ville de <strong><mark style=\"background-color:rgba(0, 0, 0, 0)\" class=\"has-inline-color has-theme-palette-2-color\">Conakry en Guin\u00e9e<\/mark><\/strong> accueille les acteurs et actrices de l&rsquo;\u00e9cosyst\u00e8me des DSSR en Afrique francophone et dans le monde pour l&rsquo;<a href=\"https:\/\/dasaf.centre-odas.org\/?page_id=11\" data-type=\"page\" data-id=\"11\"><strong>\u00e9dition 2025<\/strong> du <strong>Dasaf<\/strong><\/a>. D\u00e9couvrez en plus sur les dates et le programme sur votre espace personnel <a href=\"https:\/\/dasaf.dryfta.com\/en\/component\/dryfta\/register\/login\"><strong>Dryfta<\/strong><\/a> ou sur l&rsquo;application mobile <a href=\"https:\/\/play.google.com\/store\/apps\/details?id=com.dryfta&amp;pcampaignid=web_share\"><strong>android<\/strong><\/a> ou <a href=\"https:\/\/apps.apple.com\/us\/app\/dryfta\/id1239665320?l=fr-FR\"><strong>IOS<\/strong><\/a>.<\/p>\n\n\n\n<div class=\"wp-block-buttons is-content-justification-center is-layout-flex wp-container-core-buttons-is-layout-16018d1d wp-block-buttons-is-layout-flex\">\n<div class=\"wp-block-button\"><a class=\"wp-block-button__link has-text-align-center wp-element-button\" href=\"https:\/\/dasaf.dryfta.com\/en\/component\/dryfta\/register\/login\"><strong>Se connecter \u00e0 Dryfta<\/strong><\/a><\/div>\n\n\n\n<div class=\"wp-block-button\"><a class=\"wp-block-button__link wp-element-button\" href=\"https:\/\/twibbo.nz\/dasaf2025\"><strong>Soutenir le Dasaf 2025<\/strong><\/a><\/div>\n\n\n\n<div class=\"wp-block-button\"><a class=\"wp-block-button__link wp-element-button\" href=\"https:\/\/dasaf.centre-odas.org\/?page_id=33\"><strong>Acc\u00e9der au Toolkit<\/strong><\/a><\/div>\n<\/div>\n\n\n\n<p class=\"has-medium-font-size\">Le Dasaf repose sur des principes d\u2019inclusivit\u00e9, d\u2019intersectionnalit\u00e9, de libert\u00e9 de d\u00e9cision, de justice reproductive et d\u2019ancrage communautaire. Il est coordonn\u00e9 par <a href=\"http:\/\/centre-odas.org\"><strong>Le Centre ODAS<\/strong><\/a>, avec la collaboration et l&rsquo;accompagnement du <strong><mark style=\"background-color:rgba(0, 0, 0, 0)\" class=\"has-inline-color has-theme-palette-2-color\">Minist\u00e8re de la promotion f\u00e9minine et des personnes vuln\u00e9rables<\/mark><\/strong> avec l&rsquo;appui des membres et partenaires du Mouvement ODAS.<\/p>\n\n\n\n<h2 class=\"wp-block-heading has-larger-font-size\"><mark style=\"background-color:rgba(0, 0, 0, 0)\" class=\"has-inline-color has-theme-palette-1-color\">Th\u00e8me :<\/mark>&nbsp;<\/h2>\n\n\n\n<blockquote class=\"wp-block-quote is-layout-flow wp-block-quote-is-layout-flow\">\n<p class=\"has-large-font-size\"><strong><mark style=\"background-color:rgba(0, 0, 0, 0)\" class=\"has-inline-color has-theme-palette-2-color\">Unifier nos voix et s\u2019engager pour des choix reproductifs en Afrique francophone<\/mark><\/strong><\/p>\n<\/blockquote>\n\n\n\n<p class=\"has-medium-font-size\">Cette \u00e9dition r\u00e9unira des jeunes, des organisations communautaires, des repr\u00e9sentants d\u2019\u00c9tat, des partenaires techniques et financiers, des militant\u00b7es et des chercheur\u00b7ses pour trois jours de r\u00e9flexion et de mobilisation.<\/p>\n\n\n\n<p><\/p>\n\n\n\n<h2 class=\"wp-block-heading\"><mark style=\"background-color:rgba(0, 0, 0, 0)\" class=\"has-inline-color has-theme-palette-1-color\">Les membres du Comit\u00e9 Technique Dasaf 2025<\/mark><\/h2>\n\n\n\n<p>Nous avons le plaisir de vous pr\u00e9senter les membres du comit\u00e9 technique qui ont travaill\u00e9 et continuent de travailler d&rsquo;arrache pieds pour la r\u00e9ussite du Dasaf.<\/p>\n\n\n\n<figure class=\"wp-block-gallery has-nested-images columns-6 is-cropped wp-block-gallery-1 is-layout-flex wp-block-gallery-is-layout-flex\">\n<figure class=\"wp-block-image size-large\"><img loading=\"lazy\" decoding=\"async\" width=\"819\" height=\"1024\" data-id=\"151\" src=\"https:\/\/dasaf.centre-odas.org\/wp-content\/uploads\/2025\/10\/Mr-Maifoux-N-819x1024.jpg\" alt=\"\" class=\"wp-image-151\" srcset=\"https:\/\/dasaf.centre-odas.org\/wp-content\/uploads\/2025\/10\/Mr-Maifoux-N-819x1024.jpg 819w, https:\/\/dasaf.centre-odas.org\/wp-content\/uploads\/2025\/10\/Mr-Maifoux-N-240x300.jpg 240w, https:\/\/dasaf.centre-odas.org\/wp-content\/uploads\/2025\/10\/Mr-Maifoux-N-768x960.jpg 768w, https:\/\/dasaf.centre-odas.org\/wp-content\/uploads\/2025\/10\/Mr-Maifoux-N-1229x1536.jpg 1229w, https:\/\/dasaf.centre-odas.org\/wp-content\/uploads\/2025\/10\/Mr-Maifoux-N-1639x2048.jpg 1639w, https:\/\/dasaf.centre-odas.org\/wp-content\/uploads\/2025\/10\/Mr-Maifoux-N-scaled.jpg 2048w\" sizes=\"auto, (max-width: 819px) 100vw, 819px\" \/><figcaption class=\"wp-element-caption\"><strong>NASSIROU Ma\u00effoux\t<br>Country Program Manager<br>EngenderHealth<\/strong><\/figcaption><\/figure>\n\n\n\n<figure class=\"wp-block-image size-large\"><img loading=\"lazy\" decoding=\"async\" width=\"461\" height=\"452\" data-id=\"149\" src=\"https:\/\/dasaf.centre-odas.org\/wp-content\/uploads\/2025\/10\/Kader-A-e1759528313784.jpg\" alt=\"\" class=\"wp-image-149\" srcset=\"https:\/\/dasaf.centre-odas.org\/wp-content\/uploads\/2025\/10\/Kader-A-e1759528313784.jpg 461w, https:\/\/dasaf.centre-odas.org\/wp-content\/uploads\/2025\/10\/Kader-A-e1759528313784-300x294.jpg 300w\" sizes=\"auto, (max-width: 461px) 100vw, 461px\" \/><figcaption class=\"wp-element-caption\"><strong>Avonnon Kader<br>Programme Manager\t<br>IPPF ARO<\/strong><\/figcaption><\/figure>\n\n\n\n<figure class=\"wp-block-image size-large\"><img loading=\"lazy\" decoding=\"async\" width=\"926\" height=\"1024\" data-id=\"150\" src=\"https:\/\/dasaf.centre-odas.org\/wp-content\/uploads\/2025\/10\/Kaya-S-e1759528387550-926x1024.jpeg\" alt=\"\" class=\"wp-image-150\" srcset=\"https:\/\/dasaf.centre-odas.org\/wp-content\/uploads\/2025\/10\/Kaya-S-e1759528387550-926x1024.jpeg 926w, https:\/\/dasaf.centre-odas.org\/wp-content\/uploads\/2025\/10\/Kaya-S-e1759528387550-271x300.jpeg 271w, https:\/\/dasaf.centre-odas.org\/wp-content\/uploads\/2025\/10\/Kaya-S-e1759528387550-768x849.jpeg 768w, https:\/\/dasaf.centre-odas.org\/wp-content\/uploads\/2025\/10\/Kaya-S-e1759528387550.jpeg 1016w\" sizes=\"auto, (max-width: 926px) 100vw, 926px\" \/><figcaption class=\"wp-element-caption\"><strong>SY Kaya<br>Responsable d\u00e9veloppement strat\u00e9gique et partenariats Afrique de l&rsquo;Ouest, EQUIPOP<\/strong><\/figcaption><\/figure>\n\n\n\n<figure class=\"wp-block-image size-large\"><img loading=\"lazy\" decoding=\"async\" width=\"989\" height=\"1024\" data-id=\"157\" src=\"https:\/\/dasaf.centre-odas.org\/wp-content\/uploads\/2025\/10\/SIMON-B-M-989x1024.jpeg\" alt=\"\" class=\"wp-image-157\" srcset=\"https:\/\/dasaf.centre-odas.org\/wp-content\/uploads\/2025\/10\/SIMON-B-M-989x1024.jpeg 989w, https:\/\/dasaf.centre-odas.org\/wp-content\/uploads\/2025\/10\/SIMON-B-M-290x300.jpeg 290w, https:\/\/dasaf.centre-odas.org\/wp-content\/uploads\/2025\/10\/SIMON-B-M-768x795.jpeg 768w, https:\/\/dasaf.centre-odas.org\/wp-content\/uploads\/2025\/10\/SIMON-B-M-1484x1536.jpeg 1484w, https:\/\/dasaf.centre-odas.org\/wp-content\/uploads\/2025\/10\/SIMON-B-M-1979x2048.jpeg 1979w\" sizes=\"auto, (max-width: 989px) 100vw, 989px\" \/><figcaption class=\"wp-element-caption\"><strong>Dr Simon Binezero Mambo<br>Directeur Executive\t<br>YARH-DRC<\/strong><\/figcaption><\/figure>\n\n\n\n<figure class=\"wp-block-image size-large\"><img loading=\"lazy\" decoding=\"async\" width=\"600\" height=\"600\" data-id=\"156\" src=\"https:\/\/dasaf.centre-odas.org\/wp-content\/uploads\/2025\/10\/Saskia-H.jpg\" alt=\"\" class=\"wp-image-156\" srcset=\"https:\/\/dasaf.centre-odas.org\/wp-content\/uploads\/2025\/10\/Saskia-H.jpg 600w, https:\/\/dasaf.centre-odas.org\/wp-content\/uploads\/2025\/10\/Saskia-H-300x300.jpg 300w, https:\/\/dasaf.centre-odas.org\/wp-content\/uploads\/2025\/10\/Saskia-H-150x150.jpg 150w\" sizes=\"auto, (max-width: 600px) 100vw, 600px\" \/><figcaption class=\"wp-element-caption\"><strong>Saskia Husken\t<br>Charg\u00e9e de Plaidoyer Senior<br>Rutgers<\/strong><\/figcaption><\/figure>\n\n\n\n<figure class=\"wp-block-image size-large\"><img loading=\"lazy\" decoding=\"async\" width=\"426\" height=\"640\" data-id=\"152\" src=\"https:\/\/dasaf.centre-odas.org\/wp-content\/uploads\/2025\/10\/Noella-B.jpg\" alt=\"\" class=\"wp-image-152\" srcset=\"https:\/\/dasaf.centre-odas.org\/wp-content\/uploads\/2025\/10\/Noella-B.jpg 426w, https:\/\/dasaf.centre-odas.org\/wp-content\/uploads\/2025\/10\/Noella-B-200x300.jpg 200w\" sizes=\"auto, (max-width: 426px) 100vw, 426px\" \/><figcaption class=\"wp-element-caption\"><strong>Noella Becker<br>Charg\u00e9e des politiques et plaidoyer<br>Ipas RDC<\/strong><\/figcaption><\/figure>\n\n\n\n<figure class=\"wp-block-image size-large\"><img loading=\"lazy\" decoding=\"async\" width=\"766\" height=\"1024\" data-id=\"145\" src=\"https:\/\/dasaf.centre-odas.org\/wp-content\/uploads\/2025\/10\/BRIAN-S-766x1024.jpg\" alt=\"\" class=\"wp-image-145\" srcset=\"https:\/\/dasaf.centre-odas.org\/wp-content\/uploads\/2025\/10\/BRIAN-S-766x1024.jpg 766w, https:\/\/dasaf.centre-odas.org\/wp-content\/uploads\/2025\/10\/BRIAN-S-225x300.jpg 225w, https:\/\/dasaf.centre-odas.org\/wp-content\/uploads\/2025\/10\/BRIAN-S-768x1026.jpg 768w, https:\/\/dasaf.centre-odas.org\/wp-content\/uploads\/2025\/10\/BRIAN-S.jpg 958w\" sizes=\"auto, (max-width: 766px) 100vw, 766px\" \/><figcaption class=\"wp-element-caption\"><strong>SOSSOU Brian <br>Pr\u00e9sidente du Conseil d&rsquo;Aministration <br>ONG Filles en Actions <\/strong><\/figcaption><\/figure>\n\n\n\n<figure class=\"wp-block-image size-large\"><img loading=\"lazy\" decoding=\"async\" width=\"768\" height=\"1024\" data-id=\"148\" src=\"https:\/\/dasaf.centre-odas.org\/wp-content\/uploads\/2025\/10\/Jeanne-H-768x1024.jpg\" alt=\"\" class=\"wp-image-148\" srcset=\"https:\/\/dasaf.centre-odas.org\/wp-content\/uploads\/2025\/10\/Jeanne-H-768x1024.jpg 768w, https:\/\/dasaf.centre-odas.org\/wp-content\/uploads\/2025\/10\/Jeanne-H-225x300.jpg 225w, https:\/\/dasaf.centre-odas.org\/wp-content\/uploads\/2025\/10\/Jeanne-H-1152x1536.jpg 1152w, https:\/\/dasaf.centre-odas.org\/wp-content\/uploads\/2025\/10\/Jeanne-H.jpg 1536w\" sizes=\"auto, (max-width: 768px) 100vw, 768px\" \/><figcaption class=\"wp-element-caption\"><strong>Jeanne Hefez<br>Conseillere Plaidoyer<br>Ipas<\/strong><\/figcaption><\/figure>\n\n\n\n<figure class=\"wp-block-image size-large\"><img loading=\"lazy\" decoding=\"async\" width=\"947\" height=\"1024\" data-id=\"154\" src=\"https:\/\/dasaf.centre-odas.org\/wp-content\/uploads\/2025\/10\/Pierrette-K-947x1024.jpg\" alt=\"\" class=\"wp-image-154\" srcset=\"https:\/\/dasaf.centre-odas.org\/wp-content\/uploads\/2025\/10\/Pierrette-K-947x1024.jpg 947w, https:\/\/dasaf.centre-odas.org\/wp-content\/uploads\/2025\/10\/Pierrette-K-278x300.jpg 278w, https:\/\/dasaf.centre-odas.org\/wp-content\/uploads\/2025\/10\/Pierrette-K-768x830.jpg 768w, https:\/\/dasaf.centre-odas.org\/wp-content\/uploads\/2025\/10\/Pierrette-K-1421x1536.jpg 1421w, https:\/\/dasaf.centre-odas.org\/wp-content\/uploads\/2025\/10\/Pierrette-K.jpg 1480w\" sizes=\"auto, (max-width: 947px) 100vw, 947px\" \/><figcaption class=\"wp-element-caption\"><strong>Pierrette Kengela<br>Consultante Senior \u2013 DASAF 2025<\/strong><br><strong>Centre ODAS<\/strong><\/figcaption><\/figure>\n\n\n\n<figure class=\"wp-block-image size-large\"><img loading=\"lazy\" decoding=\"async\" width=\"300\" height=\"300\" data-id=\"155\" src=\"https:\/\/dasaf.centre-odas.org\/wp-content\/uploads\/2025\/10\/Ramatou-O.jpg\" alt=\"\" class=\"wp-image-155\" srcset=\"https:\/\/dasaf.centre-odas.org\/wp-content\/uploads\/2025\/10\/Ramatou-O.jpg 300w, https:\/\/dasaf.centre-odas.org\/wp-content\/uploads\/2025\/10\/Ramatou-O-150x150.jpg 150w\" sizes=\"auto, (max-width: 300px) 100vw, 300px\" \/><figcaption class=\"wp-element-caption\"><strong>Ramatou Ouedraogo<br>Research scientist<br>APHRC<\/strong><\/figcaption><\/figure>\n\n\n\n<figure class=\"wp-block-image size-large\"><img loading=\"lazy\" decoding=\"async\" width=\"724\" height=\"1024\" data-id=\"142\" src=\"https:\/\/dasaf.centre-odas.org\/wp-content\/uploads\/2025\/10\/Beniel-A-724x1024.jpg\" alt=\"\" class=\"wp-image-142\" srcset=\"https:\/\/dasaf.centre-odas.org\/wp-content\/uploads\/2025\/10\/Beniel-A-724x1024.jpg 724w, https:\/\/dasaf.centre-odas.org\/wp-content\/uploads\/2025\/10\/Beniel-A-212x300.jpg 212w, https:\/\/dasaf.centre-odas.org\/wp-content\/uploads\/2025\/10\/Beniel-A-768x1087.jpg 768w, https:\/\/dasaf.centre-odas.org\/wp-content\/uploads\/2025\/10\/Beniel-A-1085x1536.jpg 1085w, https:\/\/dasaf.centre-odas.org\/wp-content\/uploads\/2025\/10\/Beniel-A.jpg 1190w\" sizes=\"auto, (max-width: 724px) 100vw, 724px\" \/><figcaption class=\"wp-element-caption\"><strong>AGOSSOU Beniel<br>Conseiller Technique Syst\u00e8mes de sant\u00e9<br>Centre ODAS<\/strong><\/figcaption><\/figure>\n\n\n\n<figure class=\"wp-block-image size-large\"><img loading=\"lazy\" decoding=\"async\" width=\"533\" height=\"800\" data-id=\"147\" src=\"https:\/\/dasaf.centre-odas.org\/wp-content\/uploads\/2025\/10\/Helena-G.jpg\" alt=\"\" class=\"wp-image-147\" srcset=\"https:\/\/dasaf.centre-odas.org\/wp-content\/uploads\/2025\/10\/Helena-G.jpg 533w, https:\/\/dasaf.centre-odas.org\/wp-content\/uploads\/2025\/10\/Helena-G-200x300.jpg 200w\" sizes=\"auto, (max-width: 533px) 100vw, 533px\" \/><figcaption class=\"wp-element-caption\"><strong>Goro Helena<br>Responsable Programme<br>Ipas-AF<\/strong><\/figcaption><\/figure>\n\n\n\n<figure class=\"wp-block-image size-large\"><img loading=\"lazy\" decoding=\"async\" width=\"758\" height=\"1024\" data-id=\"143\" src=\"https:\/\/dasaf.centre-odas.org\/wp-content\/uploads\/2025\/10\/Ali-K-758x1024.jpg\" alt=\"\" class=\"wp-image-143\" srcset=\"https:\/\/dasaf.centre-odas.org\/wp-content\/uploads\/2025\/10\/Ali-K-758x1024.jpg 758w, https:\/\/dasaf.centre-odas.org\/wp-content\/uploads\/2025\/10\/Ali-K-222x300.jpg 222w, https:\/\/dasaf.centre-odas.org\/wp-content\/uploads\/2025\/10\/Ali-K-768x1038.jpg 768w, https:\/\/dasaf.centre-odas.org\/wp-content\/uploads\/2025\/10\/Ali-K-1137x1536.jpg 1137w, https:\/\/dasaf.centre-odas.org\/wp-content\/uploads\/2025\/10\/Ali-K-1516x2048.jpg 1516w, https:\/\/dasaf.centre-odas.org\/wp-content\/uploads\/2025\/10\/Ali-K-scaled.jpg 1895w\" sizes=\"auto, (max-width: 758px) 100vw, 758px\" \/><figcaption class=\"wp-element-caption\"><strong>KAGAMBEGA Ali<br>Consultant jeune<br>AJCAF AS<\/strong><\/figcaption><\/figure>\n\n\n\n<figure class=\"wp-block-image size-large\"><img loading=\"lazy\" decoding=\"async\" width=\"1024\" height=\"906\" data-id=\"141\" src=\"https:\/\/dasaf.centre-odas.org\/wp-content\/uploads\/2025\/10\/Prince-E--1024x906.jpg\" alt=\"\" class=\"wp-image-141\" srcset=\"https:\/\/dasaf.centre-odas.org\/wp-content\/uploads\/2025\/10\/Prince-E--1024x906.jpg 1024w, https:\/\/dasaf.centre-odas.org\/wp-content\/uploads\/2025\/10\/Prince-E--300x265.jpg 300w, https:\/\/dasaf.centre-odas.org\/wp-content\/uploads\/2025\/10\/Prince-E--768x680.jpg 768w, https:\/\/dasaf.centre-odas.org\/wp-content\/uploads\/2025\/10\/Prince-E--1536x1359.jpg 1536w, https:\/\/dasaf.centre-odas.org\/wp-content\/uploads\/2025\/10\/Prince-E--2048x1812.jpg 2048w\" sizes=\"auto, (max-width: 1024px) 100vw, 1024px\" \/><figcaption class=\"wp-element-caption\"><strong>ETCHI Prince Renaud<br>Senior Manager, sales and marketing<br>PSI\/WCA<\/strong><\/figcaption><\/figure>\n\n\n\n<figure class=\"wp-block-image size-large\"><img loading=\"lazy\" decoding=\"async\" width=\"230\" height=\"334\" data-id=\"144\" src=\"https:\/\/dasaf.centre-odas.org\/wp-content\/uploads\/2025\/10\/Anasthasie-K.jpg\" alt=\"\" class=\"wp-image-144\" srcset=\"https:\/\/dasaf.centre-odas.org\/wp-content\/uploads\/2025\/10\/Anasthasie-K.jpg 230w, https:\/\/dasaf.centre-odas.org\/wp-content\/uploads\/2025\/10\/Anasthasie-K-207x300.jpg 207w\" sizes=\"auto, (max-width: 230px) 100vw, 230px\" \/><figcaption class=\"wp-element-caption\"><strong>Kouakou Anasthasie Affoue Estelle <br>Project Manager \t<br>Africa Forward <\/strong><\/figcaption><\/figure>\n\n\n\n<figure class=\"wp-block-image size-large\"><img loading=\"lazy\" decoding=\"async\" width=\"530\" height=\"534\" data-id=\"146\" src=\"https:\/\/dasaf.centre-odas.org\/wp-content\/uploads\/2025\/10\/Cecile-TY.jpeg\" alt=\"\" class=\"wp-image-146\" srcset=\"https:\/\/dasaf.centre-odas.org\/wp-content\/uploads\/2025\/10\/Cecile-TY.jpeg 530w, https:\/\/dasaf.centre-odas.org\/wp-content\/uploads\/2025\/10\/Cecile-TY-298x300.jpeg 298w, https:\/\/dasaf.centre-odas.org\/wp-content\/uploads\/2025\/10\/Cecile-TY-150x150.jpeg 150w\" sizes=\"auto, (max-width: 530px) 100vw, 530px\" \/><figcaption class=\"wp-element-caption\"><strong>C\u00e9cile T. YOUGBARE<br>R\u00e9f\u00e9rente Technique et plaidoyer DSSR\t<br>M\u00e9decins du Monde<\/strong><\/figcaption><\/figure>\n<\/figure>\n\n\n\n<figure class=\"wp-block-gallery has-nested-images columns-default is-cropped wp-block-gallery-2 is-layout-flex wp-block-gallery-is-layout-flex\">\n<figure class=\"wp-block-image size-large\"><img loading=\"lazy\" decoding=\"async\" width=\"1024\" height=\"256\" data-id=\"176\" src=\"https:\/\/dasaf.centre-odas.org\/wp-content\/uploads\/2025\/10\/Logos-Organisations-CoTech-Dasaf-2025-1024x256.jpg\" alt=\"\" class=\"wp-image-176\" srcset=\"https:\/\/dasaf.centre-odas.org\/wp-content\/uploads\/2025\/10\/Logos-Organisations-CoTech-Dasaf-2025-1024x256.jpg 1024w, https:\/\/dasaf.centre-odas.org\/wp-content\/uploads\/2025\/10\/Logos-Organisations-CoTech-Dasaf-2025-300x75.jpg 300w, https:\/\/dasaf.centre-odas.org\/wp-content\/uploads\/2025\/10\/Logos-Organisations-CoTech-Dasaf-2025-768x192.jpg 768w, https:\/\/dasaf.centre-odas.org\/wp-content\/uploads\/2025\/10\/Logos-Organisations-CoTech-Dasaf-2025-1536x384.jpg 1536w, https:\/\/dasaf.centre-odas.org\/wp-content\/uploads\/2025\/10\/Logos-Organisations-CoTech-Dasaf-2025-2048x512.jpg 2048w\" sizes=\"auto, (max-width: 1024px) 100vw, 1024px\" \/><\/figure>\n<\/figure>\n\n\n\n<h2 class=\"wp-block-heading has-large-font-size\">Rejoignez l\u2019univers du <a href=\"https:\/\/dasaf.centre-odas.org\/?page_id=11\" data-type=\"page\" data-id=\"11\">Dasaf 2025<\/a><\/h2>\n\n\n\n<figure class=\"wp-block-image size-large is-resized\"><img loading=\"lazy\" decoding=\"async\" width=\"1024\" height=\"49\" src=\"https:\/\/dasaf.centre-odas.org\/wp-content\/uploads\/2025\/09\/1754935505Footer_Plandetravail1copie-1024x49.jpg\" alt=\"\" class=\"wp-image-95\" style=\"width:1178px;height:auto\" srcset=\"https:\/\/dasaf.centre-odas.org\/wp-content\/uploads\/2025\/09\/1754935505Footer_Plandetravail1copie-1024x49.jpg 1024w, https:\/\/dasaf.centre-odas.org\/wp-content\/uploads\/2025\/09\/1754935505Footer_Plandetravail1copie-300x14.jpg 300w, https:\/\/dasaf.centre-odas.org\/wp-content\/uploads\/2025\/09\/1754935505Footer_Plandetravail1copie-768x37.jpg 768w, https:\/\/dasaf.centre-odas.org\/wp-content\/uploads\/2025\/09\/1754935505Footer_Plandetravail1copie-1536x73.jpg 1536w, https:\/\/dasaf.centre-odas.org\/wp-content\/uploads\/2025\/09\/1754935505Footer_Plandetravail1copie-2048x97.jpg 2048w\" sizes=\"auto, (max-width: 1024px) 100vw, 1024px\" \/><\/figure>\n\n\n\n<p><\/p>\n\n\n\n<p><\/p>\n\n\n\n<p><\/p>\n","protected":false},"excerpt":{"rendered":"<p>Merci \u00e0 toutes et \u00e0 tous pour la mobilisation collective pour la r\u00e9ussite de l&rsquo;\u00e9dition 2025 du Dasaf \u00e0 Conakry en Guin\u00e9e. Rendez-vous tr\u00e8s prochainement pour d&rsquo;autres mobilisations au sein du Mouvement ODAS et de l&rsquo;\u00e9cosyst\u00e8me des DSSR en Afrique francophone. Un espace r\u00e9gional d\u2019engagement, de dialogue et d\u2019action en faveur des droits en sant\u00e9&#8230;<\/p>\n","protected":false},"author":5,"featured_media":0,"parent":0,"menu_order":0,"comment_status":"closed","ping_status":"closed","template":"","meta":{"_kad_post_transparent":"","_kad_post_title":"","_kad_post_layout":"","_kad_post_sidebar_id":"","_kad_post_content_style":"","_kad_post_vertical_padding":"","_kad_post_feature":"","_kad_post_feature_position":"","_kad_post_header":false,"_kad_post_footer":false,"_kad_post_classname":"","footnotes":""},"class_list":["post-10","page","type-page","status-publish","hentry"],"featured_image_src":null,"featured_image_src_square":null,"_links":{"self":[{"href":"https:\/\/dasaf.centre-odas.org\/index.php?rest_route=\/wp\/v2\/pages\/10","targetHints":{"allow":["GET"]}}],"collection":[{"href":"https:\/\/dasaf.centre-odas.org\/index.php?rest_route=\/wp\/v2\/pages"}],"about":[{"href":"https:\/\/dasaf.centre-odas.org\/index.php?rest_route=\/wp\/v2\/types\/page"}],"author":[{"embeddable":true,"href":"https:\/\/dasaf.centre-odas.org\/index.php?rest_route=\/wp\/v2\/users\/5"}],"replies":[{"embeddable":true,"href":"https:\/\/dasaf.centre-odas.org\/index.php?rest_route=%2Fwp%2Fv2%2Fcomments&post=10"}],"version-history":[{"count":0,"href":"https:\/\/dasaf.centre-odas.org\/index.php?rest_route=\/wp\/v2\/pages\/10\/revisions"}],"wp:attachment":[{"href":"https:\/\/dasaf.centre-odas.org\/index.php?rest_route=%2Fwp%2Fv2%2Fmedia&parent=10"}],"curies":[{"name":"wp","href":"https:\/\/api.w.org\/{rel}","templated":true}]}}